- 324. Let y = 134 - c. List the prime factors of y.
241
Let c = -23845 - -44025. What are the prime factors of c?
2, 5, 1009
Let a(p) = 12*p**2 + 11*p - 6. Let w be a(8). Suppose -3*d + 510 = 2*q, 2*d - 7*d + 3*q = -w. List the prime factors of d.
2, 5, 17
Let w = 20261 + -8338. List the prime factors of w.
11923
Let v = -7317 - -17131. List the prime factors of v.
2, 7, 701
Let c(p) be the third derivative of p**5/12 + p**4/12 - 5*p**3/6 - 6*p**2 - 23*p. Let s(r) = r**2 - 5*r + 4. Let a be s(5). List the prime factors of c(a).
83
Let s(d) = 7*d**2 + 13*d + 32. What are the prime factors of s(-33)?
2, 3613
Suppose -3*f = -5*f - 2*h + 8494, 0 = f - 5*h - 4217. Suppose f = 29*x - 22*x. What are the prime factors of x?
2, 3, 101
Let v = -974 + 1726. Let x = v - 402. List the prime factors of 4/5*(x/(-4))/(-7).
2, 5
Let c(d) = -300*d - 2649. List the prime factors of c(-48).
3, 3917
Let k be ((-84)/15)/((-8)/240). Suppose -8*j + k = -6*j. Suppose -j = -m - 14. List the prime factors of m.
2, 5, 7
Suppose -4*c = 3*s - 60, -3*c - 14 = -s - 46. Suppose g = 3*m - c, 0 = -5*g + m + m + 5. What are the prime factors of 62/22 - g - (-266)/11?
2, 3
Let l(a) = -218*a - 872. What are the prime factors of l(-32)?
2, 7, 109
Suppose -p + 9 = -u, -2*u + 5*p - 29 = -u. List the prime factors of 5/u + (-39564)/(-112).
2, 11
Let n = 122 + -118. List the prime factors of (433/(-2))/((-2)/n).
433
Let a(u) = -u**3 + 3*u**2 + u + 69. Suppose -5*o = 3*x + 115, -o + 2*o = -x - 37. Let z be 3 + 110/x + 1/7. List the prime factors of a(z).
3, 23
Suppose -75 = -12*t - 3. List the prime factors of (13/t + (-1)/(-3))*262.
5, 131
Let b = 51 - 48. Suppose 10*r - b*r = 3612. Suppose 0 = 16*q - 22*q + r. What are the prime factors of q?
2, 43
Suppose o - 2019 = -2*v, -3*v + 7 - 19 = 0. Let d(t) = 47*t - 32. Let u be d(13). Suppose o = 8*r + u. List the prime factors of r.
181
Suppose -6*o + 3*o + 15 = 0, 0 = 3*m - 3*o + 63. Let i(a) = -a**3 + 5*a**2 + 6*a + 6. Let u be i(6). List the prime factors of u/((-8)/m - (-1 - 0)).
2
List the prime factors of (-3 + -1385)*(-65)/12 + (-30)/(-45).
73, 103
Let u(n) = -41*n - 95. Let d(w) = 42*w + 95. Let z(r) = 6*d(r) + 5*u(r). List the prime factors of z(13).
2, 353
Let n = 10632 - 5110. List the prime factors of n.
2, 11, 251
Let z(s) = s**3 + 11*s**2 + s + 16. Suppose 4 = 4*w, w = 3*a + a + 45. Let h be z(a). Suppose x = 4*x + h*r - 319, x - r = 101. What are the prime factors of x?
103
Suppose 116*f = 968785 - 8443 + 103842. List the prime factors of f.
2, 3, 11, 139
Let n(k) = k**3 - 8*k + 2. Let d be n(3). Suppose 3*s - d*s + 4 = 0. Suppose 264 = 5*r - 4*c - 522, -4*r - s*c = -634. What are the prime factors of r?
2, 79
Suppose -4*x - 2*d = x - 35, -3*d = -3*x. Suppose -1724 = -4*m - c, -882 + 38 = -2*m - x*c. List the prime factors of m.
2, 3
Let f = 250 + -141. Suppose 0 = -t - f. Let w = t + 208. List the prime factors of w.
3, 11
Suppose 200*z = 175*z + 972750. What are the prime factors of z?
2, 3, 5, 1297
Suppose -2*p - 27912 = 28*x - 30*x, -3*p = -5*x + 69778. List the prime factors of x.
5, 2791
Suppose -q - 231 = -243. Suppose -11*v - 30 = -q*v. What are the prime factors of v?
2, 3, 5
Suppose 48*o = 124*o - 620464. List the prime factors of o.
2, 13, 157
Let m = -74 - -78. Let c be (6/m)/(-16 - -13)*-6. Suppose 524 = c*q + 5*w - 4*w, 3*w + 690 = 4*q. List the prime factors of q.
2, 3, 29
Let o be ((-86)/129)/(2/(-1092)). What are the prime factors of 1 + (o - (1 + 5))?
359
Let r(c) = -100*c**2 + 3*c - 8. Suppose -5*b - 3*g - 2 = 3, -5*g = -4*b + 33. Let m be r(b). Let w = -214 - m. List the prime factors of w.
2, 47
Let z = 127 + -123. Suppose -199 = -z*d - 183. Suppose -j = d*y - 324, 3*j = 5*y - 340 + 1244. What are the prime factors of j?
2, 7, 11
Suppose -s = q - 2281, 3*q - 3*s = -2*s + 6839. Let g = q - 1387. What are the prime factors of g?
19, 47
Let g(d) = -d**3 + 38*d - d**2 - 41*d + 33 + 32*d. List the prime factors of g(-10).
643
Let m(k) = 411*k + 4862. What are the prime factors of m(10)?
2, 2243
Suppose -475251 + 4476601 = 50*w. What are the prime factors of w?
79, 1013
Let b be (-2884)/(-7) + -9*(-3)/9. Let s = 625 - b. What are the prime factors of s?
2, 3, 5, 7
Let m(w) = 27*w**2 + 19*w + 41. Let o be 6/(-15) + (-252)/45. What are the prime factors of m(o)?
29, 31
Let f be (380/25 + -4)/((-4)/(-90)). Suppose 63 - f = -w. Suppose -4*v - 5*i = -1075, -4*v = 3*i + w - 1266. List the prime factors of v.
2, 3, 5
Suppose 1446 = -8*j + 4758. Suppose -5*s - v = -10*s + j, -2*s = -5*v - 161. List the prime factors of s.
83
Let p be -746 - -1*(4 - 8 - -1). Let n = -507 - p. List the prime factors of n.
2, 11
Suppose 50*x = -976 + 7776. What are the prime factors of x?
2, 17
Let d be (1 - -3)*9/18. Suppose 0 = -d*p, -3*p = w + p - 286. List the prime factors of w.
2, 11, 13
Let b = 166382 + -115534. List the prime factors of b.
2, 7, 227
Let n be (22/5 - 4)*10*-27. List the prime factors of (n/45)/((-4)/10) - -320.
2, 163
Let r(u) = 233*u**2 + 95*u + 18. List the prime factors of r(-12).
2, 3, 5, 23, 47
Suppose -1931*a + 1915*a = -292560. What are the prime factors of a?
3, 5, 23, 53
Let s(c) = 59*c**2 - 44*c + 1162. List the prime factors of s(18).
2, 9743
Suppose -6*c + 417 = -9*c. Let l = c - -308. What are the prime factors of l?
13
What are the prime factors of 539328/21 - 335/(-469)?
3, 7, 1223
Suppose -3*d + 10 = 4*y - 9, 5*y + 5*d - 20 = 0. Suppose 16 = 11*o - y*o. List the prime factors of (o/2)/(2/57).
3, 19
Let g = 368 - 311. List the prime factors of -55 + g + 1*87.
89
Let d(c) = -c**3 + 46*c**2 - 11*c - 484. What are the prime factors of d(44)?
2, 3, 11
Let v = 99 + -95. Suppose -724 = -v*i + 4*m + 1908, -i + 5*m + 662 = 0. What are the prime factors of i?
3, 73
Let c = 543 + -538. Suppose -c*q + 1911 = -3*l, 9*q - 5*q = -l + 1522. What are the prime factors of q?
3, 127
Let a = 2717 - 317. List the prime factors of a.
2, 3, 5
Let k be (3 + 6 + 1)*(-126)/(-1). Let q be ((-1)/(-3) + 1)/((-8)/k). Let h = 413 + q. List the prime factors of h.
7, 29
Suppose 5*h - 3*q - 2631 = 0, -5*q + 1165 = 4*h - 962. Suppose 0 = a - 189 - h. What are the prime factors of a?
3, 239
Let z be (-30)/(-7) - 9/((-189)/(-6)). Suppose -z*t + 14*t = 10. List the prime factors of -5*(-3 + t) - -4.
2, 7
Let g(y) be the first derivative of -y**3/3 + 3*y**2/2 + 15*y - 7. Let w be g(5). Suppose -3*o - j + 249 = 0, -o = -j - 74 - w. List the prime factors of o.
2, 41
Let u(y) = -21 + y**2 - 3*y + 21 - 28. Let i be u(7). Suppose i = -6*q + 4*q + 80. List the prime factors of q.
2, 5
Suppose 30*w - 32*w = 20. What are the prime factors of w/(51/(-12) + 4)?
2, 5
Let d be 18 + -17 + (1 - 2). Suppose d = -5*o - 3*z + 1640, -4*o + 5*z = -2*o - 656. What are the prime factors of o?
2, 41
Suppose -2*s - 17 = 23. Let g = s - -49. List the prime factors of g.
29
Suppose -308129 - 104698 = -31*i. List the prime factors of i.
3, 23, 193
Let l(g) = 14*g**2 - 21*g + 2. Let f be l(2). Suppose -f*k + 11*k - 3*o + 2183 = 0, -4*k - 3*o + 1747 = 0. List the prime factors of k.
2, 109
Let d(j) = 2*j**2 + 6*j + 45. Let y = 58 - 49. List the prime factors of d(y).
3, 29
Let z(s) = s**3 - s**2 + 17. Let n be z(0). Suppose n*d + 147 = 10*d. List the prime factors of 32/(-56) + (-264)/d.
2, 3
Let s = 72 + -67. Suppose -51 = -s*f + 144. Let v = f - 12. What are the prime factors of v?
3
Suppose -3*d + 379 = t, 6*t - 7*t = -d + 121. Suppose -3*c + 37 = -d. Let g = c + 18. What are the prime factors of g?
2, 3
Let o(s) = s**3 + 2*s**2 - 2*s + 1. Suppose 3*l + 14 = z, -l - 3*z = -12 - 0. Let f be o(l). List the prime factors of (-1)/f*(-112)/(-1).
2, 7
Let h(j) be the second derivative of 17*j**5/4 - j**4/3 + 2*j**3/3 - 3*j**2/2 - 37*j - 2. List the prime factors of h(2).
3, 223
Let d = -1409 + 1409. Suppose 2*o + o + 132 = 0. List the prime factors of o/11*(-16 - (0 - d)).
2
Let k(w) = w**2 - 53*w + 10. Let o be k(24). Let x = -103 - o. What are the prime factors of x?
11, 53
Let l(v) = 48 + 18*v - 104 + 58 - v**3. List the prime factors of l(-9).
569
Let n = -115 + 115. Suppose -85*g + 88*g - 1134 = n. List the prime factors of g.
2, 3, 7
Suppose -2*i = i - y - 82, 4*y = -4*i + 120. List the prime factors of i/7 + (-527)/(-1).
3, 59
What are the prime factor